{"id":36,"date":"2022-02-28T20:03:27","date_gmt":"2022-02-28T20:03:27","guid":{"rendered":"https:\/\/xn--belgivooroekrane-erb5f.be\/?page_id=36"},"modified":"2022-03-02T16:52:23","modified_gmt":"2022-03-02T16:52:23","slug":"andere-organisaties-en-acties","status":"publish","type":"page","link":"https:\/\/www.belgi\u00ebvooroekra\u00efne.be\/?page_id=36","title":{"rendered":"Andere organisaties en acties"},"content":{"rendered":"\n<p>We vinden het heel belangrijk om zoveel mogelijk initiatieven te verspreiden. Hieronder kan je een lijst van vinden van alle organisaties waar we weet van hebben. Staat jou organisatie er niet bij? Of ken je er nog \u00e9\u00e9n, laat ons gerust iets weten via: belgievooroekraine@gmail.com<\/p>\n\n\n\n<p>Ben je lid van een andere organisatie en wil je graag samenwerken? Laat ons aub iets weten! We willen echt graag de handen in elkaar steken, want samen staan we natuurlijk sterker!<\/p>\n\n\n\n<p class=\"has-large-font-size\"><strong>Lijst met organisaties: <\/strong><\/p>\n\n\n\n<p class=\"has-medium-font-size\"><strong>Het Oekra\u00efense leger <\/strong><\/p>\n\n\n\n<p>Er is eigenlijk momenteel voor een gemiddelde persoon maar \u00e9\u00e9n manier om het leger te steunen en dat is door geld te schenken. De overheid van Oekra\u00efne zelf heeft hier uitvoerig over gecommuniceerd en het is dus zeer betrouwbaar dat deze fondsen naar de juiste plek gaan. Als je het leger daar wenst te steunen dan kan je altijd daarvoor iets storten. Hieronder plaatsen we de gegevens nog eens en de bron waar we die info vandaan hebben.<strong>&nbsp;Onze organisatie zal zich hier dus niet op focussen, maar we staan we 100% achter eender welke steun die aan het leger wordt geboden.<\/strong><\/p>\n\n\n\n<p>Internationale rekeningsnummer: UA843000010000000047330992708<br><a rel=\"noreferrer noopener\" href=\"https:\/\/bank.gov.ua\/en\/news\/all\/natsionalniy-bank-vidkriv-spetsrahunok-dlya-zboru-koshtiv-na-potrebi-armiyi\" target=\"_blank\">Schenk hier rechtstreeks met een credit card<\/a><br><a rel=\"noreferrer noopener\" href=\"https:\/\/bank.gov.ua\/en\/news\/all\/natsionalniy-bank-vidkriv-spetsrahunok-dlya-zboru-koshtiv-na-potrebi-armiyi\" target=\"_blank\">Bron<\/a><\/p>\n\n\n\n<p>We kregen van sommigen de boodschap dat het niet werkt om op bovenstaande rekening te storten, dit kan verschillen van bank tot bank en je moet vaak enkele instellingen wijzigen. Je hebt daarvoor de extra info nodig om de rekening als begunstigde toe te voegen en een niet-EU overschrijving te doen. Hieronder vind je die extra info maar hoe dit concreet per bank moet aangepast worden, dat stem je best met jouw bank af.<\/p>\n\n\n\n<p>For donations in EUR:<br>SWIFT Code NBU: NBUA UA UX<br>DEUTSCHE BUNDESBANK, Frankfurt<br>SWIFT Code: MARKDEFF<br>Account: 5040040066<br>IBAN DE05504000005040040066<br>Wilhelm-Epsteinn-Strabe 14, 60431 Frankfurt Am Main,Germany<br>Bank account: UA843000010000000047330992708<br><br><a rel=\"noreferrer noopener\" href=\"https:\/\/www.kmu.gov.ua\/en\/news\/specialnij-rahunok-dlya-zboru-koshtiv-na-pidtrimku-zbrojnih-sil-ukrayini\" target=\"_blank\">Bron<\/a><\/p>\n\n\n\n<p class=\"has-medium-font-size\"><strong>Oekra\u00efnse scouts in Belgi\u00eb<\/strong><\/p>\n\n\n\n<p><a href=\"https:\/\/linktr.ee\/help.ua.from.be?fbclid=IwAR2PKXxLbSMfQOqUwtn0t_4qT9qxPQ6UF24mANE1htXKCpEXE48w34tZxKk\" target=\"_blank\" rel=\"noreferrer noopener\">Neem hier een kijkje naar hun acties.<\/a><\/p>\n\n\n\n<p><\/p>\n\n\n\n<p><\/p>\n","protected":false},"excerpt":{"rendered":"<p>We vinden het heel belangrijk om zoveel mogelijk initiatieven te verspreiden. Hieronder kan je een lijst van vinden van alle organisaties waar we weet van hebben. Staat jou organisatie er niet bij? Of ken je er nog \u00e9\u00e9n, laat ons gerust iets weten via: belgievooroekraine@gmail.com Ben je lid van een andere organisatie en wil je &hellip;<\/p>\n<p class=\"read-more\"> <a class=\"\" href=\"https:\/\/www.belgi\u00ebvooroekra\u00efne.be\/?page_id=36\"> <span class=\"screen-reader-text\">Andere organisaties en acties<\/span> Read More &raquo;<\/a><\/p>\n","protected":false},"author":1,"featured_media":0,"parent":0,"menu_order":0,"comment_status":"closed","ping_status":"closed","template":"","meta":{"site-sidebar-layout":"default","site-content-layout":"default","ast-main-header-display":"","ast-hfb-above-header-display":"","ast-hfb-below-header-display":"","ast-hfb-mobile-header-display":"","site-post-title":"","ast-breadcrumbs-content":"","ast-featured-img":"","footer-sml-layout":"","theme-transparent-header-meta":"","adv-header-id-meta":"","stick-header-meta":"","header-above-stick-meta":"","header-main-stick-meta":"","header-below-stick-meta":"","footnotes":""},"class_list":["post-36","page","type-page","status-publish","hentry"],"_links":{"self":[{"href":"https:\/\/www.belgi\u00ebvooroekra\u00efne.be\/index.php?rest_route=\/wp\/v2\/pages\/36","targetHints":{"allow":["GET"]}}],"collection":[{"href":"https:\/\/www.belgi\u00ebvooroekra\u00efne.be\/index.php?rest_route=\/wp\/v2\/pages"}],"about":[{"href":"https:\/\/www.belgi\u00ebvooroekra\u00efne.be\/index.php?rest_route=\/wp\/v2\/types\/page"}],"author":[{"embeddable":true,"href":"https:\/\/www.belgi\u00ebvooroekra\u00efne.be\/index.php?rest_route=\/wp\/v2\/users\/1"}],"replies":[{"embeddable":true,"href":"https:\/\/www.belgi\u00ebvooroekra\u00efne.be\/index.php?rest_route=%2Fwp%2Fv2%2Fcomments&post=36"}],"version-history":[{"count":6,"href":"https:\/\/www.belgi\u00ebvooroekra\u00efne.be\/index.php?rest_route=\/wp\/v2\/pages\/36\/revisions"}],"predecessor-version":[{"id":102,"href":"https:\/\/www.belgi\u00ebvooroekra\u00efne.be\/index.php?rest_route=\/wp\/v2\/pages\/36\/revisions\/102"}],"wp:attachment":[{"href":"https:\/\/www.belgi\u00ebvooroekra\u00efne.be\/index.php?rest_route=%2Fwp%2Fv2%2Fmedia&parent=36"}],"curies":[{"name":"wp","href":"https:\/\/api.w.org\/{rel}","templated":true}]}}