{"id":39,"date":"2022-02-28T20:21:51","date_gmt":"2022-02-28T20:21:51","guid":{"rendered":"https:\/\/xn--belgivooroekrane-erb5f.be\/?page_id=39"},"modified":"2022-02-28T20:21:51","modified_gmt":"2022-02-28T20:21:51","slug":"doneer","status":"publish","type":"page","link":"https:\/\/www.belgi\u00ebvooroekra\u00efne.be\/?page_id=39","title":{"rendered":"Doneer"},"content":{"rendered":"\n<p>Om aan onze organisatie te doneren kan dat via onderstaande middelen. Elke donatie is ontzettend geapprecieerd en we plaatsen op sociale media zo veel mogelijk bedankjes. Doneer je liever aan een ander (officieel) doel. Dan zetten we die info hieronder ook. <\/p>\n\n\n\n<p><strong>Aan Belgi\u00eb voor Oekra\u00efne<\/strong><\/p>\n\n\n\n<p>Overschrijving: BE <\/p>\n\n\n\n<p>Bitcoin:<br>Ethereum:<\/p>\n\n\n\n<p><strong>Aan het Oekra\u00efense leger<\/strong><\/p>\n\n\n\n<p>Overschrijving:<br><a rel=\"noreferrer noopener\" href=\"https:\/\/bank.gov.ua\/en\/news\/all\/natsionalniy-bank-vidkriv-spetsrahunok-dlya-zboru-koshtiv-na-potrebi-armiyi\" target=\"_blank\">Bron<\/a><\/p>\n\n\n\n<p>Bitcoin: <br>Ethereum:<br>Bron<\/p>\n\n\n\n<p><\/p>\n\n\n\n<p><\/p>\n","protected":false},"excerpt":{"rendered":"<p>Om aan onze organisatie te doneren kan dat via onderstaande middelen. Elke donatie is ontzettend geapprecieerd en we plaatsen op sociale media zo veel mogelijk bedankjes. Doneer je liever aan een ander (officieel) doel. Dan zetten we die info hieronder ook. Aan Belgi\u00eb voor Oekra\u00efne Overschrijving: BE Bitcoin:Ethereum: Aan het Oekra\u00efense leger Overschrijving:Bron Bitcoin: Ethereum:Bron<\/p>\n","protected":false},"author":1,"featured_media":0,"parent":0,"menu_order":0,"comment_status":"closed","ping_status":"closed","template":"","meta":{"site-sidebar-layout":"default","site-content-layout":"default","ast-main-header-display":"","ast-hfb-above-header-display":"","ast-hfb-below-header-display":"","ast-hfb-mobile-header-display":"","site-post-title":"","ast-breadcrumbs-content":"","ast-featured-img":"","footer-sml-layout":"","theme-transparent-header-meta":"","adv-header-id-meta":"","stick-header-meta":"","header-above-stick-meta":"","header-main-stick-meta":"","header-below-stick-meta":"","footnotes":""},"class_list":["post-39","page","type-page","status-publish","hentry"],"_links":{"self":[{"href":"https:\/\/www.belgi\u00ebvooroekra\u00efne.be\/index.php?rest_route=\/wp\/v2\/pages\/39","targetHints":{"allow":["GET"]}}],"collection":[{"href":"https:\/\/www.belgi\u00ebvooroekra\u00efne.be\/index.php?rest_route=\/wp\/v2\/pages"}],"about":[{"href":"https:\/\/www.belgi\u00ebvooroekra\u00efne.be\/index.php?rest_route=\/wp\/v2\/types\/page"}],"author":[{"embeddable":true,"href":"https:\/\/www.belgi\u00ebvooroekra\u00efne.be\/index.php?rest_route=\/wp\/v2\/users\/1"}],"replies":[{"embeddable":true,"href":"https:\/\/www.belgi\u00ebvooroekra\u00efne.be\/index.php?rest_route=%2Fwp%2Fv2%2Fcomments&post=39"}],"version-history":[{"count":1,"href":"https:\/\/www.belgi\u00ebvooroekra\u00efne.be\/index.php?rest_route=\/wp\/v2\/pages\/39\/revisions"}],"predecessor-version":[{"id":40,"href":"https:\/\/www.belgi\u00ebvooroekra\u00efne.be\/index.php?rest_route=\/wp\/v2\/pages\/39\/revisions\/40"}],"wp:attachment":[{"href":"https:\/\/www.belgi\u00ebvooroekra\u00efne.be\/index.php?rest_route=%2Fwp%2Fv2%2Fmedia&parent=39"}],"curies":[{"name":"wp","href":"https:\/\/api.w.org\/{rel}","templated":true}]}}